 + 3*b. What are the prime factors of b?
197
Let t(n) = -9*n + 81. Let u(g) = 2*g - 8. Let s be u(-1). List the prime factors of t(s).
3, 19
Let k(s) = 709*s**2 - 65*s - 342. What are the prime factors of k(-7)?
2, 3, 37, 157
Suppose 1895897 = 226*a - 4485213. List the prime factors of a.
5, 5647
Let i = 207519 + -144453. List the prime factors of i.
2, 3, 23, 457
Suppose -10340 = 16*a - 135396. What are the prime factors of a?
2, 977
What are the prime factors of (-207)/(55/(-5) + 8752/796)?
3, 23, 199
Let a be (-4)/(-18) - (-464)/18. Suppose z - j + 3*j = -7, -2*z + a = -4*j. Suppose 5*k + 182 = z*w, w = -2*w - 4*k + 227. List the prime factors of w.
3, 23
Suppose -2*z + 2*k = -3*z + 11178, -5*z + 55830 = -2*k. List the prime factors of z.
2, 349
What are the prime factors of (-48 - -76)/(12/4287)?
7, 1429
Suppose 4 = 2*m + 3*f, m + 6*f = 2*f + 2. Suppose -k - 4 = -3*k - m*t, -k - 2*t = 2. What are the prime factors of (8 + -10)*7*(-21)/k?
7
Let p(b) = -b**2 - b - 15. Let c be p(22). Let y = c + 533. What are the prime factors of y?
2, 3
Let f(k) = 25*k**2 - 23*k + 54. Let d be f(6). Suppose -4*w + 26 = 5*u, -2*w = -12 + 4. What are the prime factors of u*1/(-10) + d/30?
3
What are the prime factors of (28/5)/((-52)/(-89960))?
2, 7, 173
Let m = 7707 - 2862. List the prime factors of m.
3, 5, 17, 19
Suppose 431*o - 320*o = 140637. What are the prime factors of o?
7, 181
Let q be (132/(-55))/((-4)/(-10)). Let t(u) = u**3 + 5*u**2 - 8*u - 12. Let x be t(q). Suppose 0*m + 9*m - 2520 = x. What are the prime factors of m?
2, 5, 7
Let f be (12/5)/((-16)/(-40)). Let v be 6 + 7/(14/f). List the prime factors of (-6)/27 + 1208/v.
2, 67
Let t(x) = -150*x + 11335. What are the prime factors of t(31)?
5, 7, 191
Let p = -6917 - -18553. List the prime factors of p.
2, 2909
Let c = 15706 + 8656. List the prime factors of c.
2, 13, 937
Suppose 106449 - 189930 = -248*u + 227015. List the prime factors of u.
2, 313
Let j(u) be the first derivative of -u**5/20 - u**3/6 + 53*u**2/2 + 27*u + 20. Let q(o) be the first derivative of j(o). List the prime factors of q(0).
53
Suppose -4*q = -2*q + 2*g + 586, 4*q + 2*g = -1178. Let d = -621 - q. Let s = d + 509. What are the prime factors of s?
2, 23
Let g = 28759 - -12779. What are the prime factors of g?
2, 3, 7, 23, 43
Suppose -m + 13*o - 16*o - 31 = 0, m = o - 43. Let r(j) = j**2 + 31*j + 116. List the prime factors of r(m).
2, 7, 17
Suppose 6*z = 261 - 21. Let o = 40 - z. Suppose -2*c + 4*c - 188 = o. What are the prime factors of c?
2, 47
Let i be (-660)/(-231) - 2/(-14). Suppose -4*d - 3796 = -5*s, -i*s + 10*d + 2278 = 8*d. List the prime factors of s.
2, 5, 19
Let k(c) = c**3 - 26*c**2 + 2*c - 31. Let t be k(26). Suppose -t*p = -20*p - 526. What are the prime factors of p?
2, 263
Suppose 116*w - 199*w - 146*w = -509983. List the prime factors of w.
17, 131
Suppose -5 = -2*v - u, -2*v + 3*u = -7*v + 12. List the prime factors of (1688/32)/1 - v/4.
2, 13
Let d be (-5)/((-5)/(-4)) + 4. Suppose -a = j - 573, d = j + j + 4. What are the prime factors of a?
5, 23
Suppose -92*a - 21*a + 4589577 = -10*a. List the prime factors of a.
3, 4951
Suppose -130*b + 936 = -124*b. What are the prime factors of b?
2, 3, 13
Let b(q) = -q**3 - 25*q**2 + 7*q - 87. Let v be b(-25). Let n = v - -423. List the prime factors of n.
7, 23
Let k = -76 - -61. What are the prime factors of (-37)/((105/14)/k)?
2, 37
Let b = 296 - 234. Suppose 59*w = 60*w - b. What are the prime factors of w?
2, 31
Let g(n) = -151*n + 6347. List the prime factors of g(19).
2, 37, 47
Let x(j) = -4*j**2 + 29*j - 55. Let d(m) = -m**2 + m + 1. Let r(i) = 3*d(i) - x(i). What are the prime factors of r(28)?
2, 3, 19
Suppose -11*i + 778 - 294 = 0. What are the prime factors of 22432/i - 4 - (-18)/99?
2, 11, 23
Let y(l) = l**3 - 30*l**2 - 66*l + 64. Let v be y(32). Suppose 3*j - 300 = o, 3*j - 3*o - 300 = 2*o. Suppose v = 6*h - j - 62. What are the prime factors of h?
3
Let a(m) = m**3 - 6*m**2 + 3*m - 6. Let x be a(3). List the prime factors of (-24 + 2)/(2/x).
2, 3, 11
Let w be 1/(1/3) + -4. Let r(x) = 162*x + 7. Let n(y) = 162*y + 8. Let a(l) = 5*n(l) - 6*r(l). List the prime factors of a(w).
2, 5
Let h = -280 + 1131. Let g = h - 785. List the prime factors of g.
2, 3, 11
Let s be (-11)/77*((0 - -3) + -10). List the prime factors of (1772*1/((-4)/(-3)))/s.
3, 443
Let p = 53 + -51. Suppose -520 = -2*s + 5*g, -3*g - 528 = -0*s - p*s. List the prime factors of s.
2, 3, 5
Let v(g) = g**3 + 14*g**2 - 20*g - 75. Let c be v(-15). Suppose -2*f + 4*x + 730 = c, 31*x + 1131 = 3*f + 34*x. What are the prime factors of f?
373
Suppose -83864 = -82*s + 341759 + 16521. What are the prime factors of s?
2, 337
Suppose 4*x = 2*v + 146, -4*x + v + 163 = 18. What are the prime factors of 110/15*x + -1?
263
Let b be 100/(-3)*1*18/15. Let c = b - 74. Let u = -9 - c. What are the prime factors of u?
3, 5, 7
Let l be (8/6 - 1)*21/7. Let k(r) = -r**3 + 3*r**2 - 1. Let c be k(l). Suppose -3*i - 5*u + 356 = 0, -u - 3 = -c. What are the prime factors of i?
2, 61
Suppose 2*k - 584 = -d, 5*d = -0*k - 2*k + 2960. Let m = 1195 - d. List the prime factors of m.
601
Let y be ((-3)/((-45)/50))/(2/3). Suppose 0 = -3*w + y + 10. Suppose -w*o = i - 183, 4*o - 81 - 97 = -i. What are the prime factors of i?
2, 79
Let t(j) = -j**3 - 12*j**2 - 6*j + 11. Let i(q) = -q**3 - 9*q**2 - 2*q - 19. Let r be i(-9). Let x be 11/r - (-7)/(-7). List the prime factors of t(x).
83
Let j be ((-116)/6)/(4/(-36)). Let n = -97 + j. Let l = n - 54. What are the prime factors of l?
23
Let n = 8 + -6. Let p(u) = 58 - 54 - 11*u**3 + 0*u**2 - u - u**2 + 29*u**3. List the prime factors of p(n).
2, 71
Suppose 0 = -52*b - 8796 - 3892. Suppose -367 = -h + f, -1833 = -h - 4*h + 4*f. Let d = b + h. List the prime factors of d.
11
Let q(n) = -3*n - 6 + 34 + 2*n**2 + 17 - 2*n**2 + 13*n**2. List the prime factors of q(7).
661
Suppose -37 = -5*k - q, -5*k + 5*q + 35 = -20. Suppose 0 = k*f - 4060 + 612. Suppose 0 = -4*z + f + 633. List the prime factors of z.
2, 7, 19
Let x = -8422 + 31554. List the prime factors of x.
2, 5783
Let g(k) = k**2 + 10*k + 12. Let n be g(-9). Suppose 0 = 5*v - n*s - 37, 5*s + 40 = -v + 5*v. Suppose 0 = -v*u + 112 + 313. What are the prime factors of u?
5, 17
Let a be 38/7 - (-8 + (-104)/(-14)). List the prime factors of -3 + 1230/a - 2.
2, 5
Suppose -92*r - 3392 = -100*r. Suppose g + 142 = u, -2*g - r = -3*u - 0*g. List the prime factors of u.
2, 5, 7
Let h be 77/(-231) - 721/(-3). Let k = h - -265. What are the prime factors of k?
5, 101
Let i(m) = -2*m**3 + 107*m**2 + 176*m + 70. What are the prime factors of i(55)?
3, 5
List the prime factors of 2/(-11) - (39207/462)/(12/(-6144)).
2, 5, 11, 79
Suppose -34*u - 3*k = -38*u + 149938, -6*u + 3*k + 224904 = 0. What are the prime factors of u?
37483
Let h(p) = 221*p + 938. What are the prime factors of h(94)?
2, 23, 59
Suppose -x = -5*f + 103, 5*f = 9*f - 4*x - 76. Let y(h) = h**2 - 26*h + 133. List the prime factors of y(f).
2, 7
Suppose -930 = 2*s + 3*j, s + 5*j = 3*j - 463. Let o = s + 877. What are the prime factors of o?
2, 7, 29
Let d(c) = 328*c**2 - 40*c - 111. What are the prime factors of d(-4)?
5297
Let o(t) = -t**3 + 11*t**2 - 8*t - 24. Suppose -1 = -3*n + 29. Let z be o(n). List the prime factors of (-6 + 0)*2/z*38.
2, 3, 19
Let r = -125 - -377. Suppose 197*a - 194*a = 5*g + 2182, -2178 = -3*a + 3*g. Suppose 152 = u - 4*c, -4*c = -3*u - r + a. List the prime factors of u.
2, 5
Suppose 3 = -t + 7. Suppose -3*o - 4*z = 14, -o + 0*z = -4*z - 22. Suppose -l + 60 = -t*a, -2*l = -o*a + a - 120. What are the prime factors of l?
2, 3, 5
Let z = -26 - -108. Let s = z + -52. Let o = s + 2. List the prime factors of o.
2
Let o = 130249 + -69821. List the prime factors of o.
2, 15107
List the prime factors of (2 + -7 + 7)*1788.
2, 3, 149
Let r(q) = 17*q**2 - 229*q + 114. List the prime factors of r(-32).
2, 5, 7, 71
What are the prime factors of 24159*1/(-36)*-9*4?
3, 8053
Let x(j) = j**2 + j - 1. Let w(g) = -7*g**2 - 6*g + 62. Let d(z) = -w(z) - 4*x(z). What are the prime factors of d(10)?
2, 131
What are the prime factors of (4 + (-144)/32)*-65040?
2, 3, 5, 271
Suppose -47 = 2*y + 9. Let l be 8/28 - 0 - (-1184)/y. Let d = l - -219. What are the prime factor